7. Determine p(0).
-7
Let g(d) = d**3 - d**2 - 2*d + 2. Determine g(-3).
-28
Let o(h) = h**3 + 9*h**2 - h - 11. Give o(-8).
61
Let u(r) = 4*r + 20. What is u(0)?
20
Let n(d) = d. What is n(3)?
3
Let s(c) = -4*c + 5. Calculate s(-5).
25
Let n(r) = -r**3 - 28*r**2 + 27*r - 61. Give n(-29).
-3
Let z(y) = 25*y + 167. What is z(-7)?
-8
Let a(g) = 5*g**3 - 5*g - 4. What is a(-2)?
-34
Let u(i) = -i**3 - 12*i**2 - 12*i + 1. Give u(-11).
12
Let z(j) = -12*j**3 + j**2 + j - 1. Calculate z(1).
-11
Let d(v) = -34*v + 275. What is d(8)?
3
Let j(q) = -q**2 - 4*q + 2. What is j(0)?
2
Let v(c) = -42*c + 1. Calculate v(-1).
43
Let s(f) = -4*f**2 - 4*f + 1. Give s(-3).
-23
Let v(n) = -n - 9. Determine v(-4).
-5
Let y(h) = 31*h**3 + 2*h**2 - 1. Determine y(-1).
-30
Let o(l) = l**3 - l**2 + 2*l + 5. Give o(5).
115
Let v(h) = -h**2 - 13*h + 11. Give v(-14).
-3
Let m(r) = -129*r + 912. Calculate m(7).
9
Let w(o) = -7*o + 1. Determine w(1).
-6
Let r(j) = -j**3 + 65*j**2 - 67*j + 188. Calculate r(64).
-4
Let f(w) = -w**2 + 17*w - 16. Give f(14).
26
Let r(i) = -2*i**2 + 9*i + 47. Give r(-4).
-21
Let f(z) = -2*z**2 + 12*z + 2. What is f(6)?
2
Let l(g) = g**3 - 4*g**2 - 6*g - 6. What is l(6)?
30
Let c(x) = x**3 - 14*x**2 + 39*x + 13. What is c(10)?
3
Let c(z) = -6*z - 38. What is c(-8)?
10
Let p(m) = -m + 14. What is p(10)?
4
Let c(d) = d + 8. Calculate c(-3).
5
Let g(u) = 7*u - 57. Determine g(8).
-1
Let n(d) = -42*d**3 + d**2 - d - 1. Calculate n(-1).
43
Let w(v) = 11*v - 13. Give w(10).
97
Let v(p) = 13*p. Determine v(1).
13
Let a(t) = -5*t - 14. Calculate a(2).
-24
Let b(i) = -i - 6. Determine b(2).
-8
Let f(a) = -a - 26. Determine f(20).
-46
Let q(x) = -x**2 + 4*x - 4. Give q(5).
-9
Let r(h) = h**3 + 30*h**2 - h - 33. Determine r(-30).
-3
Let t(w) = w**3 - 10*w**2 + 20*w - 21. Give t(8).
11
Let n(t) = 2*t**2 + 17*t + 15. Calculate n(-7).
-6
Let g(p) = -7*p**2 + 46*p - 12. What is g(6)?
12
Let f(t) = 5*t**2 + 3*t + 1. What is f(-2)?
15
Let v(h) = h**3 - 2*h**2 + 10*h - 26. Calculate v(3).
13
Let z(d) = d**3 + 22*d**2 + 22*d - 33. Give z(-21).
-54
Let d(i) = -i**3 + 15*i**2 + 17*i - 22. Calculate d(16).
-6
Let j(w) = -w**2 + 2*w - 8. Determine j(7).
-43
Let a(c) = -c**3 + 7*c**2 - 8*c - 5. What is a(6)?
-17
Let c(m) = -9*m + 34. Calculate c(6).
-20
Let z(r) = -4*r**2 - 7*r + 17. What is z(-3)?
2
Let a(c) = 11*c**2 - 3*c + 1. What is a(2)?
39
Let k(x) = x**2 + 29*x - 40. Determine k(-30).
-10
Let l(h) = -h**3 - 34*h**2 - 2*h - 76. What is l(-34)?
-8
Let x(m) = -m**3 + 11*m**2 - 17*m + 18. Give x(9).
27
Let h(k) = k**3 + 12*k**2 + 10*k - 10. Give h(-11).
1
Let i(y) = -y**3 - 4*y**2 - 2*y + 7. What is i(-6)?
91
Let b(a) = 2*a + 4. Determine b(-4).
-4
Let q(z) = -z**3 + 9*z**2 + 5. What is q(9)?
5
Let i(c) = c**3 - 3*c**2 - 4*c - 3. Calculate i(4).
-3
Let f(k) = -k**2 - 21*k + 5. Give f(-22).
-17
Let b(f) = 10*f. Calculate b(2).
20
Let h(v) = v**2 + 9*v - 12. Determine h(-9).
-12
Let j(k) = -64*k + 632. Determine j(10).
-8
Let y(k) = -k**3 - 11*k**2 - 11*k - 13. Determine y(-10).
-3
Let d(r) = r**2 + r + 86. What is d(0)?
86
Let v(j) = -j**3 - 9*j**2 + 50*j - 21. Give v(-13).
5
Let t(q) = 7*q**3 + q**2 + 2*q + 1. Determine t(-1).
-7
Let d(i) = 36*i**3 - 3*i**2 + 3*i - 1. Calculate d(1).
35
Let c(i) = 12*i - 28. Give c(10).
92
Let d(q) = -q - 18. Determine d(-6).
-12
Let l(c) = c**3 - 20*c**2 + 34*c + 44. Give l(18).
8
Let g(p) = 45*p. Determine g(1).
45
Let a(g) = g**3 - 9*g**2 + 8*g - 2. Calculate a(7).
-44
Let j(k) = 2*k + 16. Give j(-8).
0
Let b(h) = 7*h**3 - 2*h**2 + 3*h - 1. Calculate b(1).
7
Let a(q) = -13*q**3 + q**2 - q - 3. Determine a(-1).
12
Let y(w) = -5*w + 62. Determine y(13).
-3
Let k(c) = c**2 - 6*c + 2. Give k(3).
-7
Let v(t) = -7*t - 150. Give v(-24).
18
Let x(j) = -2*j**2 - 5*j + 3. What is x(-4)?
-9
Let j(z) = z**3 + 19*z**2 - 23*z - 65. What is j(-20)?
-5
Let r(h) = -20*h + 31. Calculate r(7).
-109
Let w(v) = v**3 + 8*v**2 - 8. Determine w(-8).
-8
Let b(a) = a**2 + 10*a + 10. What is b(-10)?
10
Let x(w) = -w**3 + 6*w**2 + 24*w - 130. Determine x(7).
-11
Let b(v) = 2*v**2 - 7*v - 55. Calculate b(8).
17
Let t(q) = -q**3 - 11*q**2 + 13*q + 30. Determine t(-12).
18
Let h(u) = 5*u + 145. Give h(-32).
-15
Let m(d) = -d**2 - 41*d - 85. What is m(-39)?
-7
Let i(f) = -10*f - 10. What is i(-2)?
10
Let u(j) = 13*j - 24. Calculate u(-7).
-115
Let q(v) = -9*v**3 - 2*v**2 - v - 1. Give q(-2).
65
Let t(v) = 15*v - 16. Calculate t(4).
44
Let b(r) = -r**3 + 12*r**2 - 19*r - 1. What is b(10)?
9
Let j(s) = 2*s**2 + 4*s - 4. Calculate j(-3).
2
Let r(h) = h**2 + 12*h + 40. Calculate r(-8).
8
Let n(q) = -q**2 - 27*q - 28. Calculate n(-20).
112
Let m(b) = 2*b**2 + 6*b + 9. Calculate m(-6).
45
Let c(r) = -r**3 - 4*r**2 + 4*r - 1. What is c(3)?
-52
Let b(o) = 309*o - 934. Determine b(3).
-7
Let l(c) = -c**2 - 4*c - 3. Calculate l(-2).
1
Let d(f) = 5*f**2 + 3*f - 2. What is d(-2)?
12
Let d(p) = -p**3 - 8*p**2 - 6*p - 1. Determine d(-7).
-8
Let n(f) = -5*f - 20. Calculate n(-5).
5
Let p(x) = x**2 - 5*x + 5. What is p(5)?
5
Let k(u) = -u**2 - 31*u - 236. What is k(-15)?
4
Let y(r) = -r**3 - 5*r**2 - 2*r. Determine y(-2).
-8
Let v(b) = -3*b**3 - 7*b**2 + 7*b + 1. What is v(-3)?
-2
Let u(f) = f**2 - 7*f - 6. What is u(7)?
-6
Let n(v) = v**3 - 14*v**2 - 6*v - 141. Give n(15).
-6
Let c(x) = 29*x**2 + 1. Determine c(-1).
30
Let j(u) = 2*u + 5. Determine j(8).
21
Let l(q) = 16*q + 53. Give l(-3).
5
Let m(s) = -23*s + 143. Calculate m(8).
-41
Let s(c) = -2*c**2 + 72*c + 14. Determine s(36).
14
Let c(u) = 49*u - 10. Give c(4).
186
Let y(t) = t**3 - t**2 + t - 55. Give y(0).
-55
Let o(l) = -4*l + 18. Calculate o(6).
-6
Let d(k) = -k**3 + 34*k**2 + 336*k - 7. Give d(-8).
-7
Let d(z) = -z**2 + z + 2. What is d(4)?
-10
Let l(j) = 28*j - 2. Determine l(-1).
-30
Let r(b) = 3*b - 2. Calculate r(3).
7
Let b(z) = -2*z**2 + 3*z - 2. Calculate b(4).
-22
Let t(v) = -4*v - 58. Determine t(-16).
6
Let d(q) = -2*q**3 - 21*q**2 - 13*q - 24. Give d(-10).
6
Let t(u) = -u**2 + 10*u + 88. What is t(13)?
49
Let j(y) = -y**3 + 9*y**2 + y - 15. Determine j(9).
-6
Let x(j) = j**3 + 2*j**2 - j + 9. Give x(0).
9
Let o(v) = -v**3 - 8*v**2 + 2*v - 14. Give o(-8).
-30
Let r(v) = -4*v**2 + 24*v + 8. Calculate r(6).
8
Let s(v) = v**3 - 6*v**2 - 6*v + 6. Give s(5).
-49
Let a(u) = 10*u - 44. What is a(7)?
26
Let b(v) = v**2 - 19*v - 18. Determine b(19).
-18
Let i(l) = l**3 - 18*l**2 - 15*l - 30. Give i(19).
46
Let h(a) = -2*a + 13. Calculate h(10).
-7
Let g(b) = 2*b**2 + 3*b - 3. Calculate g(3).
24
Let f(w) = -w**3 + 2*w**2 - 2*w + 7. What is f(3)?
-8
Let l(f) = 12*f + 21. Calculate l(-5).
-39
Let u(q) = q**2 + 17*q + 16. Calculate u(-13).
-36
Let s(l) = -l**2 + 2. Calculate s(3).
-7
Let n(u) = 4*u + 35. Give n(-10).
-5
Let d(l) = -l**2 + 41*l + 184. Determine d(45).
4
Let z(y) = -2*y**2 - 13*y + 31. Determine z(-8).
7
Let t(j) = 9*j - 188. Give t(20).
-8
Let p(f) = f. Give p(-11).
-11
Let v(o) = 2*o**3 + 5*o**2 - 2*o - 2. Determine v(-4).
-42
Let z(w) = -5*w**2 + 10*w + 9. Give z(-1).
-6
Let k(x) = -2*x - 8. Calculate k(-6).
4
Let x(y) = -2*y - 16. Give x(-5).
-6
Let q(y) = -36*y**2 + 2*y + 1. Give q(-1).
-37
Let b(c) = 11*c - 228. Calculate b(21).
3
Let p(h) = -h**3 - 9*h**2 + 9*h - 7. Give p(-10).
3
Let t(d) = d**3 + 6*d**2 - 10*d - 1. What is t(-7)?
20
Let o(l) = 2*l + 17. Calculate o(-4).
9
Let f(y) = y**3 + 5*y**2 - 9*y - 7. Give f(-6).
11
Let u(c) = -c**2 - 5*c + 3. Determine u(-5).
3
Let l(j) = -j**3 - 4*j**2 - j + 3. Give l(-2).
-3
Let r(a) = -a**2 - 9*a - 20. Calculate r(-5).
0
Let v(p) = 21*p + 54. Give v(-4).
-30
Let b(x) = 77*x + 2. What is b(-1)?
-75
Let x(t) = -t - 15. Give x(-11).
-4
Let j(t) = 8*t + 37. Determine j(-4).
5
Let p(n) = 5*n - 12. Give p(10).
38
Let z(l) = l**2 + 3*l - 4. Determine z(-6).
14
Let y(d) = d**2 - 7*d + 16. What is y(7)?
16
Let s(y) = y**2 + 32*y + 78. Calculate s(-30).
18
Let j(o) = 3*o - 20. What is j(6)?
-2
Let o(w) = -w**2 - 18*w - 84. Give o(-5).
-19
Let z(a) = 2*a + 58. Calculate z(-28).
2
Let k(y) = 6*y + 4. Give k(8).
52
Let q(o) = -4*o**2 + 223*o - 171. Determine q(55).
-6
Let q(j) = -5*j + 8. Determine q(9).
-37
Let x(k) = 4*k - 79. Determine x(21).
5
Let f(t) = 2*t**3 + 16*t**2 - 18*t + 2. Determine f(-9).
2
Let l(c) = c**2 + 36*c + 220. Give l(-8).
-4
Let l(s) 